n(z) = -2*z - 3. Let i(o) = -42*o + 36. Let a(l) = 2*l - 3. Let r(s) = -18*a(s) - i(s). Let g be r(-4). Determine n(g).
9
Let n(y) be the second derivative of y**4/12 + 10*y**3/3 - 7*y**2 - 797*y. Determine n(-21).
7
Let u(a) = -3*a**3 + a**2 + a + 2. Let m(o) = -10*o**3 - 7*o**2 - 6*o + 18. Let n(v) = -m(v) + 4*u(v). Determine n(6).
14
Let h(l) = l**2 + 18*l - 2*l**2 + 16 + 2*l**2. Let u(s) = -s**3 - 84*s**2 + s - 7157. Let f be u(-85). What is h(f)?
-1
Let z(h) = -4*h**3 - 11*h**2 - 36*h - 87. Let r(x) = -x**3 - 3*x**2 - 9*x - 23. Let n(t) = 9*r(t) - 2*z(t). Give n(-5).
12
Suppose -221*c + 302*c - 162 = 0. Let n(v) = 4*v + 12. What is n(c)?
20
Suppose -2*v + 28 = m + 20, -5*m + 30 = 0. Let f(i) = -10*i**2. What is f(v)?
-10
Let u be 5/3 - 1 - 8078/(-42). Let n(a) = -a**2 + 93*a + 9 + 102*a - u*a. Calculate n(4).
1
Let h(d) be the third derivative of d**5/20 + 7*d**4/12 - 4*d**3/3 - 94*d**2. Let t be h(-5). Let s(r) = r**2 + 3*r. What is s(t)?
0
Suppose -4*i - 7*x + 28 = -5*x, -7 = -3*i + 2*x. Let u(n) = i*n + 2 - 20*n + 12*n + 4*n. Calculate u(0).
2
Let g(x) = -1934 + 6277 - 4*x - 4*x**2 - 4338 + 5*x**2. Let c = 2 - 0. What is g(c)?
1
Let i(b) be the second derivative of -b**3/3 - 3*b**2 + 11*b. Let k(p) = 23*p + 1. Let r be k(-1). Let c = -26 - r. Calculate i(c).
2
Let v be (-28)/(-42) + 28/(-6) - -6. Let p(d) = 7*d**2 - d**3 - 7 - 385*d + 0*d**v + 386*d. Give p(7).
0
Let h(m) = -4*m + 12. Suppose -5*l - 31*c + 30*c + 16 = 0, 3*l + 18 = 4*c. Determine h(l).
4
Let n be (-20)/(-50) - (164/10 - 2). Let r be 6/9*3*n/4. Let b(h) = -h - 1. What is b(r)?
6
Let n(q) = -14*q**2 + q + 3. Let v(w) = -13*w**2 + w + 4. Let x be 8/((-15)/10 + 1). Let k be x/72 - 34/9. Let u(y) = k*n(y) + 3*v(y). What is u(1)?
16
Let o(p) = 2*p**2 + 9*p. Let b be (2/((-70)/255) - -5)/((-24)/(-84)). What is o(b)?
56
Let x(d) be the second derivative of d**4/12 + 2*d**3 - 6*d**2 - 6*d + 11426. Suppose 4*m = 3*g + 54 + 5, 3*g - m = -44. Give x(g).
1
Let m(g) = 3*g**3 - g**2 + 5. Let h(j) = j**3 + 60*j**2 - 123*j + 59. Let p be h(-62). Determine m(p).
-85
Let t(f) = 2*f - 53. Suppose 0 = -196*w + 70*w + 2117 + 781. Give t(w).
-7
Suppose 5*o - 2*o = 33. Let y be (-4)/(-22) - 2/o. Let m(s) = -s - 11. Let w(q) = -1. Let a(k) = -m(k) + 4*w(k). What is a(y)?
7
Suppose -22*v = 1295 - 1735. Let c(w) = -7*w + 136. Calculate c(v).
-4
Let m(x) = 41*x**2 - 328*x. Let o be m(8). Let d(n) = -n**3 - n**2 + 5*n - 14. Calculate d(o).
-14
Let s(w) = -w. Let v = 13 + 42. Let a = v + -53. Give s(a).
-2
Let o(l) = 41*l - 32 - 47 + 33*l - 77*l + 38. Give o(-16).
7
Let h(z) = -z**2 - 9*z. Suppose -52 - 4 = -7*j. Suppose 0 = -k + 3*u - 16, -j*u = -4*k - 5*u - 37. Give h(k).
14
Let m(f) = -2*f + 1. Let a(x) = -19*x + 61. Let i be a(3). Suppose p + 1 = 5, -i*s = p + 4. Determine m(s).
5
Let z(g) be the third derivative of g**6/120 + g**5/6 + 19*g**2 - 5*g. Give z(-10).
0
Let r(v) = -2*v**2 + 47*v + 142. Let y be r(26). Let n(x) = x - 1. Let k(t) = -t**3 + 12*t**2 - 3*t + 1. Let s(d) = k(d) + 4*n(d). Give s(y).
9
Suppose -x - 14 = -3*i, 0 = -5*i + 2*x + 17 + 7. Let w(f) = -4*f + f + 4*f. Calculate w(i).
4
Let k(l) = 3*l + 2*l - 8*l**2 - 8 + 5*l**2. Let i(f) = 0*f + 2*f + 12 + 5*f**2 - 10*f. Let q(b) = 5*i(b) + 8*k(b). What is q(3)?
5
Let b(u) = 117*u - 13664. Let k be b(117). Let a(r) = r**2 - 35*r + 225. What is a(k)?
-25
Let n(r) = 811*r - 4317. Let v(b) = -54*b + 288. Let q(x) = 2*n(x) + 31*v(x). Give q(6).
-18
Let o be (29/(-87))/((-1)/(-9)). Let z(c) be the first derivative of -c**2/2 + 2*c - 28. Determine z(o).
5
Let y(n) = -14*n**2 + 51*n + 20. Let t(j) = j**2 + 10*j + 20. Let g be t(-2). Calculate y(g).
0
Let a(v) = -v**2 - 45*v - 89. Let d(c) = -15*c + 482. Let y be d(35). Calculate a(y).
-3
Let r(m) = -1 + 3*m - m - 4*m. Let k be ((-4)/6)/(5/(90/4)). Let d be (-18)/24*(k - (-1)/3). Give r(d).
-5
Let a be 2/14 + (-165)/(-21). Suppose 7*l = 5*l - a. Let n(s) = 3*s + 6 - 9 - 2 + 10. Calculate n(l).
-7
Let w(q) be the third derivative of q**7/2520 + q**6/120 + q**5/20 + q**4/12 - 5*q**3/6 + 192*q**2. Let h(i) be the second derivative of w(i). Calculate h(-4).
-2
Suppose -2*r - 34 = -2*k, -4*k + 2*k + 39 = -3*r. Let m = -66 + 81. Suppose 3*x - m = 5*s, 4*s + 0*s = 3*x - k. Let i(l) = -l - 2. Give i(s).
1
Let o(a) be the first derivative of -1/2*a**2 + 1/4*a**4 - 16*a - 116 - 1/3*a**3. Let b = 11 - 11. What is o(b)?
-16
Let f(c) = 3*c - 5 + 4*c - 2*c**2 + 0*c + c. Suppose 30 + 20 = 5*i - 5*n, 0 = i + 2*n + 2. Give f(i).
-29
Let t(d) = -154*d - 1. Let i(p) = 787*p + 167. Let r(a) = -i(a) - 5*t(a). What is r(-9)?
-9
Let i(p) be the second derivative of -p**5/20 - p**4/12 + p**3/6 - 2*p**2 + 4*p - 9. Let w = -22 - -16. Let a = 3 + w. Give i(a).
11
Let g(s) = -s**3 + 8*s**2 + 8*s + 7. Let u = -729 - -729. Suppose a - 2 = 2*o - 17, 4*o + 5*a - 51 = u. Determine g(o).
-2
Let m(b) = 5*b**2 + 4*b - 4. Suppose -4*v = 5*s + 36, -2*v + 8 - 32 = 4*s. Calculate m(s).
60
Let k(d) = d**3 - d**2 + 3*d - 1. Let a be k(2). Let y be (13/(-65))/(2/(-40)). Let u(o) = o**2 - y*o + 1 + a*o - 4*o - 6*o. Give u(5).
1
Let p be ((-2)/(-14))/((-3)/(-126)). Let j(u) = -u**2 - 1. Let l(q) = -5*q**2 + 4*q + 1. Let r(n) = 4*j(n) - l(n). Calculate r(p).
7
Let x = 745 - 673. Suppose -1104*c + x = -1110*c. Let z(r) = -2*r + 12. Determine z(c).
36
Let s be (-712)/(-48) - 2/(-12). Suppose 4*m = -2*d - 7 + s, -3*m = -2*d - 20. Let a be 2*(-3)/(-6) + 8/d. Let k(c) = 4*c - 1. Calculate k(a).
-5
Let t(s) = 1. Let o(h) = -3*h + 62. Let l(q) = o(q) + 5*t(q). Give l(18).
13
Let c(h) be the second derivative of 1/6*h**3 + 2*h**2 - 114*h + 0. Give c(0).
4
Let p(q) = q**3 - 23*q**2 - 27*q + 70. Let f be p(24). Let y(g) = -5*g**2 - g + 4. Give y(f).
-14
Let d = 244 + -241. Suppose -3*y - 41 + 53 = 0, 0 = d*i - y + 10. Let r(v) = -v - 1. What is r(i)?
1
Suppose -3*h = -t - 4*t + 8, -5*t + 2 = 3*h. Suppose -5*s + 78 = 4*p, 3*p + s + s - 55 = 0. Let l(w) = -p*w - 3*w**2 + 10*w + 4*w**2 + t - 7. What is l(8)?
2
Let f = 3175 - 3178. Let b(o) = 2*o - 14. What is b(f)?
-20
Let p(a) = -7714*a - 48 - 3*a**2 + 2*a**2 + 7701*a. Determine p(-6).
-6
Let p = -151 + 301. Let q = p + -63. Let o = q - 86. Let f(d) = -5*d**2. What is f(o)?
-5
Let q = 3835 + -3833. Let w(x) = -17*x + 15. Give w(q).
-19
Let n(g) = -12*g**2 - 13*g + 16. Let z(w) = 14*w**2 + 14*w - 18. Let b(r) = 6*n(r) + 5*z(r). Give b(4).
-58
Let m(g) = -5*g + 6. Let v be (-4)/18 - (-1)/(-27)*-141. Suppose v + 103 = 4*r. Let k = 31 - r. Give m(k).
-14
Let d(j) = 5*j**2 + 4*j + 3. Let a be (-108)/90 + 6/5. Suppose a = -2*p - 3*t - 4, 2*p = 7*p + 4*t + 10. What is d(p)?
15
Let k(b) be the first derivative of 72 - b + 2/3*b**3 + 0*b**2 - 3/2*b**4. Calculate k(-1).
7
Let u(m) be the third derivative of -m**5/30 - 3*m**4/8 - 2*m**3/3 + m**2 - 207*m. Suppose 5*h + 3*x = -2*x - 25, -4*h = -3*x + 13. Give u(h).
0
Let l(t) = -4*t**3 - 2*t**2 + 17. Let o(s) = 5*s**3 + s**2 - 19. Let w(h) = 6*l(h) + 5*o(h). Let d(k) = -k**2 + 7*k. Let z be d(6). Determine w(z).
-29
Let w(p) be the first derivative of p**3/3 + 57*p**2/2 - 181*p - 5315. Calculate w(-60).
-1
Let t(k) = -k**2 - k + 1. Let c be ((-55)/33)/(1/(-3)). Suppose c*p = 7 - 2. Determine t(p).
-1
Let g = 94 + -92. Let d(b) be the third derivative of -b**4/8 + b**3/2 + 2*b**2 + 125. What is d(g)?
-3
Let r(o) = o - 8. Let f(z) be the first derivative of z**2/2 + 2*z + 16. Let l be f(0). Suppose -u + 4*j = l, u - j = 6*u - 32. Calculate r(u).
-2
Let m(q) be the second derivative of q**5/10 + q**4/24 + q**3/6 + q**2 + 6*q. Let w(i) be the first derivative of m(i). Let h be (-14)/18 + 8/(-36). Give w(h).
6
Let m(t) = -21*t**3 + 2*t**2 - 2*t + 1. Let o = -202 + 206. Suppose 199*k = 195*k + o. Determine m(k).
-20
Let d(l) = 4*l**3 + 46*l**2 - 22*l + 17. Let j be d(-12). Let c(i) = -i**2 - 7*i - 6. Calculate c(j).
-6
Suppose -5*t = -5*d, -77 + 53 = -4*t. Let j(l) = -l**3 + 4*l**2 - 4*l - 4. Calculate j(d).
-100
Suppose f - 3 = -7. Let p(x) = 18*x**2 - 46*x + 154. Let u(d) = 4*d**2 - 10*d + 33. Let r(v) = -3*p(v) + 14*u(v). What is r(f)?
40
Suppose 17*t - 43 = 8. Suppose 2*m + x - t = -2*x, -4*x = 5*m - 18. Let u(s) = s**3 - 5*s**2 - 8*s + 6. Calculate u(m).
-6
Let c(y) be the second derivative of -y**5/10 - y**4/6 - y**3/6 - 3*y. Let k = -144 - -144. Suppose